{"id":100,"date":"2020-02-11T19:56:11","date_gmt":"2020-02-11T19:56:11","guid":{"rendered":"https:\/\/globewise.com.mx\/?page_id=100"},"modified":"2023-09-02T05:15:49","modified_gmt":"2023-09-02T05:15:49","slug":"home-2","status":"publish","type":"page","link":"https:\/\/globewise.com.mx\/","title":{"rendered":"Inicio"},"content":{"rendered":"<p><a href=\"#scroll-down\"><\/p>\n<p><\/a><\/p>\n<p>Nosotros<\/p>\n<p>\u201cLas oportunidades peque\u00f1as son el principio de las grandes empresas\u201d. Dem\u00f3stenes<\/p>\n<p>Globewise es una empresa formada por profesionales con vasta experiencia en las \u00e1reas de la ling\u00fc\u00edstica y el comercio internacional. Con la finalidad de brindarle la m\u00e1s alta calidad en cada uno de nuestros servicios, Globewise focaliza sus recursos en brindar excelencia en cada uno de sus procesos.<\/p>\n<p>La internacionalizaci\u00f3n, localizaci\u00f3n y globalizaci\u00f3n de su empresa son nuestro principal inter\u00e9s. Este, nuestro compromiso para hacer de Globewise la compa\u00f1\u00eda que conduzca sus negocios al resto del mundo.<\/p>\n<p>ComercioInternacional<\/p>\n<p>Las actividades relacionadas con el comercio internacional, la importaci\u00f3n y exportaci\u00f3n de productos y\/o servicios exigen tiempo, dedicaci\u00f3n y especialistas en el \u00e1rea. Es por ello que en Globewise ofrecemos a su empresa los medios necesarios para su proceso de internacionalizaci\u00f3n.<\/p>\n<p>Ling\u00fcistica<\/p>\n<p>Los servicios ling\u00fc\u00edsticos constituyen un eslab\u00f3n fundamental en la cadena productiva de nuestros clientes.<\/p>\n<p>Visi\u00f3n y Misi\u00f3n<\/p>\n<p>Nuestra visi\u00f3n es convertirnos en su ruta de acceso a nuevos mercados y ser la v\u00eda a trav\u00e9s de la cual usted pueda optimizar sus negocios actuales.<\/p>\n<p>Por tanto, nuestra misi\u00f3n es brindar servicios integrales de negocios que permitan vislumbrar oportunidades comerciales a trav\u00e9s de nuestros servicios de consultor\u00eda.<\/p>\n<p>ANALIZAR<\/p>\n<p>Innovar<\/p>\n<p>CreaR<\/p>\n<p>Solucionar<\/p>\n<p>Comercio<\/p>\n<p>Internacional<\/p>\n<p>Con nuestros servicios de consultor\u00eda comercial, buscamos orientar a aquellos interesados en abrir nuevos mercados para sus productos y\/o servicios.<\/p>\n<p>Para la rep\u00fablica mexicana, en particular, llevamos a cabo diferentes servicios, desde la consultor\u00eda y el asesoramiento comercial hasta la importaci\u00f3n, almacenamiento, distribuci\u00f3n y desarrollo de carteras de clientes para determinados productos.<\/p>\n<p>Para obtener m\u00e1s informaci\u00f3n, no deje de contactarnos v\u00eda web para hacernos llegar sus requerimientos e inquietudes al respecto.<\/p>\n<p>Ling\u00fc\u00edstica<\/p>\n<p>Globewise cuenta con equipos especializados de ling\u00fcistas con gran pericia cuya lengua materna es siempre el idioma de destino. La pasi\u00f3n por la traducci\u00f3n y el profesionalismo nos permiten entregar traducciones fieles que transmitir\u00e1n su mensaje adecuadamente al p\u00fablico deseado.<\/p>\n<p>Traducci\u00f3n<\/p>\n<p>El servicio de traducci\u00f3n puede ser aplicado tanto a textos generales como a textos altamente especializados. <\/p>\n<p>Nos especializamos en las siguientes \u00e1reas, entre otras:<\/p>\n<p>Aerol\u00edneas<\/p>\n<p>Bancos y finanzas<\/p>\n<p>Comercio<\/p>\n<p>Contratos<\/p>\n<p>Gobierno<\/p>\n<p>Ingenier\u00eda<\/p>\n<p>Laboratorios<\/p>\n<p>Medicina <\/p>\n<p>Mercados<\/p>\n<p>Psicolog\u00eda<\/p>\n<p>Seguros<\/p>\n<p>Urbanismo<\/p>\n<p>Atenci\u00f3n m\u00e9dica<\/p>\n<p>Bienes ra\u00edces<\/p>\n<p>Comercio exterior<\/p>\n<p>Econom\u00eda<\/p>\n<p>Hoteler\u00eda y turismo<\/p>\n<p>Inversiones<\/p>\n<p>Material espiritual y de autoayuda<\/p>\n<p>Medio ambiente y ecolog\u00eda<\/p>\n<p>Muebles y electrodom\u00e9sticos<\/p>\n<p>Recursos humanos<\/p>\n<p>Viajes<\/p>\n<p>Virolog\u00eda<\/p>\n<p>Para no ser percibida como tal, una traducci\u00f3n debe \u00absonar\u00bb natural en el idioma de llegada. Por este motivo, creemos que un buen traductor es primero un buen escritor, y cada miembro de Globewise reconoce y refleja en su trabajo que el idioma es una instituci\u00f3n din\u00e1mica que no debe descuidarse.<\/p>\n<p>La traducci\u00f3n va de la mano del proceso de edici\u00f3n, el cual consiste en garantizar la correcci\u00f3n gramatical, la coherencia terminol\u00f3gica y la adecuaci\u00f3n estil\u00edstica de los proyectos traducidos con el fin de entregar no solo el trabajo solicitado por el cliente sino el trabajo de calidad exigido por Globewise.<\/p>\n<p>Localizaci\u00f3n<\/p>\n<p>Mediante este servicio adaptamos ling\u00fc\u00edstica y culturalmente sus documentos con el fin de adecuarlos para un determinado mercado de destino.<\/p>\n<p>Cartera de idiomas:<\/p>\n<p>Ingl\u00e9s<\/p>\n<p>Espa\u00f1ol<\/p>\n<p>Italiano<\/p>\n<p>Chino<\/p>\n<p>Alem\u00e1n<\/p>\n<p>Japon\u00e9s<\/p>\n<p>Portugu\u00e9s<\/p>\n<p>Franc\u00e9s<\/p>\n<p>\u00bfQuiere conocer m\u00e1s?<\/p>\n<p>\u2014 Escr\u00edbanos. \u2014<\/p>\n<p>Contacto<\/p>\n<p>Comun\u00edquese con nosotros.<\/p>\n<p>Tel.: +52 (55) 5254-7987<\/p>\n<p>DANTE 36, COL.NUEVA ANZURES,<\/p>\n<p>DELEGACI\u00d3N MIGUEL HIDALGO, CDMX, M\u00c9XICO.<\/p>\n<p><a href=\"mailto:info@ouraddress.com\">info@globewise.com.mx<\/a><\/p>\n<p><a href=\"http:\/\/www.ouraddress.com\">www.<\/a><a href=\"mailto:info@ouraddress.com\">globewise.com.mx<\/a><\/p>\n","protected":false},"excerpt":{"rendered":"<p class=\"excerpt\">Nosotros \u201cLas oportunidades peque\u00f1as son el principio de las grandes empresas\u201d. Dem\u00f3stenes Globewise es una empresa formada por profesionales con vasta experiencia en las \u00e1reas de la ling\u00fc\u00edstica y el comercio internacional. Con la finalidad de brindarle la m\u00e1s alta calidad en cada uno de nuestros servicios, Globewise focaliza sus recursos en brindar excelencia en [&hellip;]<\/p>\n","protected":false},"author":1,"featured_media":0,"parent":0,"menu_order":0,"comment_status":"closed","ping_status":"closed","template":"builder.php","meta":{"footnotes":""},"class_list":["post-100","page","type-page","status-publish","hentry"],"_links":{"self":[{"href":"https:\/\/globewise.com.mx\/index.php?rest_route=\/wp\/v2\/pages\/100","targetHints":{"allow":["GET"]}}],"collection":[{"href":"https:\/\/globewise.com.mx\/index.php?rest_route=\/wp\/v2\/pages"}],"about":[{"href":"https:\/\/globewise.com.mx\/index.php?rest_route=\/wp\/v2\/types\/page"}],"author":[{"embeddable":true,"href":"https:\/\/globewise.com.mx\/index.php?rest_route=\/wp\/v2\/users\/1"}],"replies":[{"embeddable":true,"href":"https:\/\/globewise.com.mx\/index.php?rest_route=%2Fwp%2Fv2%2Fcomments&post=100"}],"version-history":[{"count":65,"href":"https:\/\/globewise.com.mx\/index.php?rest_route=\/wp\/v2\/pages\/100\/revisions"}],"predecessor-version":[{"id":326,"href":"https:\/\/globewise.com.mx\/index.php?rest_route=\/wp\/v2\/pages\/100\/revisions\/326"}],"wp:attachment":[{"href":"https:\/\/globewise.com.mx\/index.php?rest_route=%2Fwp%2Fv2%2Fmedia&parent=100"}],"curies":[{"name":"wp","href":"https:\/\/api.w.org\/{rel}","templated":true}]}}